{"id":551,"date":"2022-02-04T15:38:07","date_gmt":"2022-02-04T15:38:07","guid":{"rendered":"https:\/\/mbeventos.es\/?page_id=551"},"modified":"2022-02-04T16:46:04","modified_gmt":"2022-02-04T16:46:04","slug":"eventos","status":"publish","type":"page","link":"https:\/\/mbeventos.es\/?page_id=551","title":{"rendered":"Eventos"},"content":{"rendered":"<p>[vc_row][vc_column][vc_custom_heading text=\u00bbMesas dulces, decoraci\u00f3n y detalles para eventos\u00bb]<div style=\"background-color:; height: 120px;\" class=\"nicdark_section  \"><\/div>[vc_column_text]<\/p>\n<h1>\u00bfOrganizas una fiesta?<\/h1>\n<p>En MBEventos tenemos de todo para vestir tu mesa o evento. Cada vez est\u00e1 m\u00e1s de moda crear una mesa espec\u00edfica dulces, o Candy baar. Por eso tenemos una gran variedad de colores y estilos que seguro se adaptar\u00e1n a lo que est\u00e1s buscando, aunque a\u00fan no lo tengas claro.[\/vc_column_text][vc_column_text css=\u00bb.vc_custom_1643989105508{margin-top: 5em !important;}\u00bb]<\/p>\n<h3>Decoraci\u00f3n de eventos. Mesas dulces, candy bars y decoraci\u00f3n con globos<\/h3>\n<p>En MB Eventos disponemos de todo tipo de elementos para crear y decorar todo tipo de eventos, para que cada fiesta sea \u00fanica e inigualable<\/p>\n<p>Tanto si es un cumplea\u00f1os, como si es una boda, bautizo, evento empresarial o un aniversario desde <strong>MB Eventos<\/strong> te damos diferentes ideas para que tu celebraci\u00f3n sea todo un \u00e9xito.<\/p>\n<p><strong>\u00bfTe resulta complicado decidirte? Cont\u00e1ctanos y te asesoraremos<\/strong>[\/vc_column_text]\n\n\n    <div class=\"nd_options_section nd_options_position_relative \">\n        <a rel=\"\"  href=\"\"><img alt=\"\" class=\"nd_options_position_absolute nd_options_left_0\" width=\"50\" src=\"\"><\/a>\n        <div class=\"nd_options_section nd_options_padding_left_70 nd_options_box_sizing_border_box\">\n            <a rel=\"\"  href=\"\"><h2 style=\"color:;\"><strong><\/strong><\/h2><\/a>\n            <div class=\"nd_options_section nd_options_height_20\"><\/div>\n            <p style=\"color:;\" class=\"\"><\/p>\n        <\/div>\n    <\/div>\n\n\n  <div style=\"background-color:; height: 120px;\" class=\"nicdark_section  \"><\/div>[\/vc_column][\/vc_row][vc_row][vc_column width=\u00bb1\/3&#8243;]\n\n  <div class=\"  nd_options_section nd_options_position_relative nd_options_fadein_fadeout nd_options_overflow_hidden\">    \n\n    <img alt=\"\" class=\"nd_options_section nd_options_zoom_image\" src=\"https:\/\/mbeventos.es\/wp-content\/uploads\/2022\/02\/IMG-20201008-WA0025.jpg\">\n\n    <!--filter-->\n    <div class=\"nd_options_fadeout nd_options_bg_greydark_alpha_2_2 nd_options_position_absolute nd_options_height_100_percentage nd_options_width_100_percentage\">  \n    <\/div>\n    <!--end filter-->\n\n    <!--start content-->\n    <div class=\"nd_options_fadein nd_options_bg_greydark_alpha_5 nd_options_position_absolute nd_options_height_100_percentage nd_options_width_100_percentage\">\n        <div class=\"nd_options_position_absolute nd_options_display_table nd_options_height_100_percentage nd_options_width_100_percentage\">\n            <div class=\"nd_options_display_table_cell nd_options_vertical_align_middle nd_options_text_align_center\">\n                <h3 style=\"color:#fff; font-size:17px; line-height:17px;\" class=\"\">Mesa ducle Spiderman<\/h3>\n                <div class=\"nd_options_section nd_options_height_20\"><\/div>\n                <div class=\"nd_options_mpopup_gallery\"><a style=\"font-size:15px; line-height:15px; color:#fff;\" class=\" nd_options_outline_0  nd_options_mpopup_gallery\" href=\"https:\/\/mbeventos.es\/wp-content\/uploads\/2022\/02\/IMG-20201008-WA0025.jpg\"><\/a><\/div>\n            <\/div>   \n        <\/div>   \n    <\/div>\n    <!--end content-->\n\n<\/div>\n\n   [\/vc_column][vc_column width=\u00bb1\/3&#8243;]\n\n  <div class=\"  nd_options_section nd_options_position_relative nd_options_fadein_fadeout nd_options_overflow_hidden\">    \n\n    <img alt=\"\" class=\"nd_options_section nd_options_zoom_image\" src=\"https:\/\/mbeventos.es\/wp-content\/uploads\/2022\/02\/IMG-20200927-WA0041-1024x887.jpg\">\n\n    <!--filter-->\n    <div class=\"nd_options_fadeout nd_options_bg_greydark_alpha_2_2 nd_options_position_absolute nd_options_height_100_percentage nd_options_width_100_percentage\">  \n    <\/div>\n    <!--end filter-->\n\n    <!--start content-->\n    <div class=\"nd_options_fadein nd_options_bg_greydark_alpha_5 nd_options_position_absolute nd_options_height_100_percentage nd_options_width_100_percentage\">\n        <div class=\"nd_options_position_absolute nd_options_display_table nd_options_height_100_percentage nd_options_width_100_percentage\">\n            <div class=\"nd_options_display_table_cell nd_options_vertical_align_middle nd_options_text_align_center\">\n                <h3 style=\"color:#fff; font-size:17px; line-height:17px;\" class=\"\">Mesa dulce de bodas<\/h3>\n                <div class=\"nd_options_section nd_options_height_20\"><\/div>\n                <div class=\"nd_options_mpopup_gallery\"><a style=\"font-size:15px; line-height:15px; color:#fff;\" class=\" nd_options_outline_0  nd_options_mpopup_gallery\" href=\"https:\/\/mbeventos.es\/wp-content\/uploads\/2022\/02\/IMG-20200927-WA0041-1024x887.jpg\"><\/a><\/div>\n            <\/div>   \n        <\/div>   \n    <\/div>\n    <!--end content-->\n\n<\/div>\n\n   [\/vc_column][vc_column width=\u00bb1\/3&#8243;]\n\n  <div class=\"  nd_options_section nd_options_position_relative nd_options_fadein_fadeout nd_options_overflow_hidden\">    \n\n    <img alt=\"\" class=\"nd_options_section nd_options_zoom_image\" src=\"https:\/\/mbeventos.es\/wp-content\/uploads\/2022\/02\/20201013_154714-1024x754.jpg\">\n\n    <!--filter-->\n    <div class=\"nd_options_fadeout nd_options_bg_greydark_alpha_2_2 nd_options_position_absolute nd_options_height_100_percentage nd_options_width_100_percentage\">  \n    <\/div>\n    <!--end filter-->\n\n    <!--start content-->\n    <div class=\"nd_options_fadein nd_options_bg_greydark_alpha_5 nd_options_position_absolute nd_options_height_100_percentage nd_options_width_100_percentage\">\n        <div class=\"nd_options_position_absolute nd_options_display_table nd_options_height_100_percentage nd_options_width_100_percentage\">\n            <div class=\"nd_options_display_table_cell nd_options_vertical_align_middle nd_options_text_align_center\">\n                <h3 style=\"color:#fff; font-size:17px; line-height:17px;\" class=\"\">Mesa dulce Beb\u00e9 Jefazo<\/h3>\n                <div class=\"nd_options_section nd_options_height_20\"><\/div>\n                <div class=\"nd_options_mpopup_gallery\"><a style=\"font-size:15px; line-height:15px; color:#fff;\" class=\" nd_options_outline_0  nd_options_mpopup_gallery\" href=\"https:\/\/mbeventos.es\/wp-content\/uploads\/2022\/02\/20201013_154714-1024x754.jpg\"><\/a><\/div>\n            <\/div>   \n        <\/div>   \n    <\/div>\n    <!--end content-->\n\n<\/div>\n\n   [\/vc_column][\/vc_row][vc_row][vc_column width=\u00bb1\/3&#8243;]\n\n  <div class=\"  nd_options_section nd_options_position_relative nd_options_fadein_fadeout nd_options_overflow_hidden\">    \n\n    <img alt=\"\" class=\"nd_options_section nd_options_zoom_image\" src=\"https:\/\/mbeventos.es\/wp-content\/uploads\/2022\/02\/20201013_154132-1024x759.jpg\">\n\n    <!--filter-->\n    <div class=\"nd_options_fadeout nd_options_bg_greydark_alpha_2_2 nd_options_position_absolute nd_options_height_100_percentage nd_options_width_100_percentage\">  \n    <\/div>\n    <!--end filter-->\n\n    <!--start content-->\n    <div class=\"nd_options_fadein nd_options_bg_greydark_alpha_5 nd_options_position_absolute nd_options_height_100_percentage nd_options_width_100_percentage\">\n        <div class=\"nd_options_position_absolute nd_options_display_table nd_options_height_100_percentage nd_options_width_100_percentage\">\n            <div class=\"nd_options_display_table_cell nd_options_vertical_align_middle nd_options_text_align_center\">\n                <h3 style=\"color:#fff; font-size:17px; line-height:17px;\" class=\"\">Tarta infantil<\/h3>\n                <div class=\"nd_options_section nd_options_height_20\"><\/div>\n                <div class=\"nd_options_mpopup_gallery\"><a style=\"font-size:15px; line-height:15px; color:#fff;\" class=\" nd_options_outline_0  nd_options_mpopup_gallery\" href=\"https:\/\/mbeventos.es\/wp-content\/uploads\/2022\/02\/20201013_154132-1024x759.jpg\"><\/a><\/div>\n            <\/div>   \n        <\/div>   \n    <\/div>\n    <!--end content-->\n\n<\/div>\n\n   [\/vc_column][vc_column width=\u00bb1\/3&#8243;]\n\n  <div class=\"  nd_options_section nd_options_position_relative nd_options_fadein_fadeout nd_options_overflow_hidden\">    \n\n    <img alt=\"\" class=\"nd_options_section nd_options_zoom_image\" src=\"https:\/\/mbeventos.es\/wp-content\/uploads\/2022\/02\/20201013_154603.jpg\">\n\n    <!--filter-->\n    <div class=\"nd_options_fadeout nd_options_bg_greydark_alpha_2_2 nd_options_position_absolute nd_options_height_100_percentage nd_options_width_100_percentage\">  \n    <\/div>\n    <!--end filter-->\n\n    <!--start content-->\n    <div class=\"nd_options_fadein nd_options_bg_greydark_alpha_5 nd_options_position_absolute nd_options_height_100_percentage nd_options_width_100_percentage\">\n        <div class=\"nd_options_position_absolute nd_options_display_table nd_options_height_100_percentage nd_options_width_100_percentage\">\n            <div class=\"nd_options_display_table_cell nd_options_vertical_align_middle nd_options_text_align_center\">\n                <h3 style=\"color:#fff; font-size:17px; line-height:17px;\" class=\"\">Mesa dulce Minie<\/h3>\n                <div class=\"nd_options_section nd_options_height_20\"><\/div>\n                <div class=\"nd_options_mpopup_gallery\"><a style=\"font-size:15px; line-height:15px; color:#fff;\" class=\" nd_options_outline_0  nd_options_mpopup_gallery\" href=\"https:\/\/mbeventos.es\/wp-content\/uploads\/2022\/02\/20201013_154603.jpg\"><\/a><\/div>\n            <\/div>   \n        <\/div>   \n    <\/div>\n    <!--end content-->\n\n<\/div>\n\n   [\/vc_column][vc_column width=\u00bb1\/3&#8243;]\n\n  <div class=\"  nd_options_section nd_options_position_relative nd_options_fadein_fadeout nd_options_overflow_hidden\">    \n\n    <img alt=\"\" class=\"nd_options_section nd_options_zoom_image\" src=\"https:\/\/mbeventos.es\/wp-content\/uploads\/2022\/02\/20201013_154050.jpg\">\n\n    <!--filter-->\n    <div class=\"nd_options_fadeout nd_options_bg_greydark_alpha_2_2 nd_options_position_absolute nd_options_height_100_percentage nd_options_width_100_percentage\">  \n    <\/div>\n    <!--end filter-->\n\n    <!--start content-->\n    <div class=\"nd_options_fadein nd_options_bg_greydark_alpha_5 nd_options_position_absolute nd_options_height_100_percentage nd_options_width_100_percentage\">\n        <div class=\"nd_options_position_absolute nd_options_display_table nd_options_height_100_percentage nd_options_width_100_percentage\">\n            <div class=\"nd_options_display_table_cell nd_options_vertical_align_middle nd_options_text_align_center\">\n                <h3 style=\"color:#fff; font-size:17px; line-height:17px;\" class=\"\">Mesa dulce infantil<\/h3>\n                <div class=\"nd_options_section nd_options_height_20\"><\/div>\n                <div class=\"nd_options_mpopup_gallery\"><a style=\"font-size:15px; line-height:15px; color:#fff;\" class=\" nd_options_outline_0  nd_options_mpopup_gallery\" href=\"https:\/\/mbeventos.es\/wp-content\/uploads\/2022\/02\/20201013_154050.jpg\"><\/a><\/div>\n            <\/div>   \n        <\/div>   \n    <\/div>\n    <!--end content-->\n\n<\/div>\n\n   [\/vc_column][\/vc_row][vc_row][vc_column width=\u00bb1\/4&#8243;][\/vc_column][vc_column width=\u00bb1\/2&#8243;]<div style=\"background-color:; height: 120px;\" class=\"nicdark_section  \"><\/div><div role=\"form\" class=\"wpcf7\" id=\"wpcf7-f536-o1\" lang=\"es-ES\" dir=\"ltr\">\n<div class=\"screen-reader-response\"><p role=\"status\" aria-live=\"polite\" aria-atomic=\"true\"><\/p> <ul><\/ul><\/div>\n<form action=\"\/index.php?rest_route=%2Fwp%2Fv2%2Fpages%2F551#wpcf7-f536-o1\" method=\"post\" class=\"wpcf7-form init\" novalidate=\"novalidate\" data-status=\"init\">\n<div style=\"display: none;\">\n<input type=\"hidden\" name=\"_wpcf7\" value=\"536\" \/>\n<input type=\"hidden\" name=\"_wpcf7_version\" value=\"5.5.4\" \/>\n<input type=\"hidden\" name=\"_wpcf7_locale\" value=\"es_ES\" \/>\n<input type=\"hidden\" name=\"_wpcf7_unit_tag\" value=\"wpcf7-f536-o1\" \/>\n<input type=\"hidden\" name=\"_wpcf7_container_post\" value=\"0\" \/>\n<input type=\"hidden\" name=\"_wpcf7_posted_data_hash\" value=\"\" \/>\n<\/div>\n<div class=\"nd_options_float_left nd_options_box_sizing_border_box nd_options_width_100_percentage_all_iphone_important nd_options_padding_0_right_important_all_iphone nd_options_padding_0_left_important_all_iphone \" style=\"padding: 0px 10px 15px 0px; width:100%;\" ><label> Tu nombre para contactar<br \/>\n    <span class=\"wpcf7-form-control-wrap your-name\"><input type=\"text\" name=\"your-name\" value=\"\" size=\"40\" class=\"wpcf7-form-control wpcf7-text wpcf7-validates-as-required\" aria-required=\"true\" aria-invalid=\"false\" \/><\/span> <\/label> <\/div>\n<div class=\"nd_options_float_left nd_options_box_sizing_border_box nd_options_width_100_percentage_all_iphone_important nd_options_padding_0_right_important_all_iphone nd_options_padding_0_left_important_all_iphone \" style=\"padding: 0px 10px 15px 0px; width:100%;\" ><label> Tu correo electr\u00f3nico<br \/>\n    <span class=\"wpcf7-form-control-wrap your-email\"><input type=\"email\" name=\"your-email\" value=\"\" size=\"40\" class=\"wpcf7-form-control wpcf7-text wpcf7-email wpcf7-validates-as-required wpcf7-validates-as-email\" aria-required=\"true\" aria-invalid=\"false\" \/><\/span> <\/label><\/div>\n<div class=\"nd_options_float_left nd_options_box_sizing_border_box nd_options_width_100_percentage_all_iphone_important nd_options_padding_0_right_important_all_iphone nd_options_padding_0_left_important_all_iphone \" style=\"padding: 0px 10px 15px 0px; width:100%;\" ><label> Tel\u00e9fono de contacto<\/label><br \/>\n    <span class=\"wpcf7-form-control-wrap tel-353\"><input type=\"tel\" name=\"tel-353\" value=\"\" size=\"40\" class=\"wpcf7-form-control wpcf7-text wpcf7-tel wpcf7-validates-as-required wpcf7-validates-as-tel\" aria-required=\"true\" aria-invalid=\"false\" \/><\/span> <\/div>\n<p><label>Tipo de decoraci\u00f3n: <\/label> <br \/><div class=\"nd_options_float_left nd_options_box_sizing_border_box nd_options_width_100_percentage_all_iphone_important nd_options_padding_0_right_important_all_iphone nd_options_padding_0_left_important_all_iphone \" style=\"padding: 0px 10px 15px 0px; width:100%;\" ><span class=\"wpcf7-form-control-wrap decoracion\"><select name=\"decoracion\" class=\"wpcf7-form-control wpcf7-select wpcf7-validates-as-required\" aria-required=\"true\" aria-invalid=\"false\"><option value=\"Fondant\">Fondant<\/option><option value=\"Crema\">Crema<\/option><\/select><\/span><\/div>\n<div class=\"nd_options_float_left nd_options_box_sizing_border_box nd_options_width_100_percentage_all_iphone_important nd_options_padding_0_right_important_all_iphone nd_options_padding_0_left_important_all_iphone \" style=\"padding: 0px 10px 15px 0px; width:100%;\" ><label>Bizcocho: <\/label><br \/><span class=\"wpcf7-form-control-wrap bizcocho\"><select name=\"bizcocho\" class=\"wpcf7-form-control wpcf7-select wpcf7-validates-as-required\" aria-required=\"true\" aria-invalid=\"false\"><option value=\"Chocolate\">Chocolate<\/option><option value=\"Vainilla\">Vainilla<\/option><option value=\"Red Velvet\">Red Velvet<\/option><option value=\"Oreo\">Oreo<\/option><option value=\"Carrot Cake\">Carrot Cake<\/option><\/select><\/span><\/div>\n<div class=\"nd_options_float_left nd_options_box_sizing_border_box nd_options_width_100_percentage_all_iphone_important nd_options_padding_0_right_important_all_iphone nd_options_padding_0_left_important_all_iphone \" style=\"padding: 0px 10px 15px 0px; width:100%;\" ><label>Crema: <\/label><br \/><span class=\"wpcf7-form-control-wrap crema\"><select name=\"crema\" class=\"wpcf7-form-control wpcf7-select wpcf7-validates-as-required\" aria-required=\"true\" aria-invalid=\"false\"><option value=\"Nutella\">Nutella<\/option><option value=\"Chocolate\">Chocolate<\/option><option value=\"Fruta de la pasi\u00f3n\">Fruta de la pasi\u00f3n<\/option><option value=\"Fresa\">Fresa<\/option><option value=\"Vainilla\">Vainilla<\/option><option value=\"Coco\">Coco<\/option><option value=\"Oreo\">Oreo<\/option><option value=\"Dulce de leche\">Dulce de leche<\/option><option value=\"Fruta\">Fruta<\/option><\/select><\/span><\/div>\n<div class=\"nd_options_float_left nd_options_box_sizing_border_box nd_options_width_100_percentage_all_iphone_important nd_options_padding_0_right_important_all_iphone nd_options_padding_0_left_important_all_iphone \" style=\"padding: 0px 10px 15px 0px; width:100%;\" ><label>Nombre para la tarta: <\/label><br \/><span class=\"wpcf7-form-control-wrap nombre-tarta\"><input type=\"text\" name=\"nombre-tarta\" value=\"\" size=\"40\" class=\"wpcf7-form-control wpcf7-text wpcf7-validates-as-required\" aria-required=\"true\" aria-invalid=\"false\" \/><\/span><\/div>\n<div class=\"nd_options_float_left nd_options_box_sizing_border_box nd_options_width_100_percentage_all_iphone_important nd_options_padding_0_right_important_all_iphone nd_options_padding_0_left_important_all_iphone \" style=\"padding: 0px 10px 15px 0px; width:100%;\" ><label> Observaciones (opcional)<\/label><br \/>\n    <span class=\"wpcf7-form-control-wrap your-message\"><textarea name=\"your-message\" cols=\"40\" rows=\"10\" class=\"wpcf7-form-control wpcf7-textarea\" aria-invalid=\"false\"><\/textarea><\/span><\/div>\n<div class=\"nd_options_float_left nd_options_box_sizing_border_box nd_options_width_100_percentage_all_iphone_important nd_options_padding_0_right_important_all_iphone nd_options_padding_0_left_important_all_iphone \" style=\"padding: 0px 10px 15px 0px; width:100%;\" ><input type=\"submit\" value=\"Enviar\" class=\"wpcf7-form-control has-spinner wpcf7-submit\" \/><\/div>\n<p style=\"display: none !important;\"><label>&#916;<textarea name=\"_wpcf7_ak_hp_textarea\" cols=\"45\" rows=\"8\" maxlength=\"100\"><\/textarea><\/label><input type=\"hidden\" id=\"ak_js_1\" name=\"_wpcf7_ak_js\" value=\"125\"\/><script>document.getElementById( \"ak_js_1\" ).setAttribute( \"value\", ( new Date() ).getTime() );<\/script><\/p><div class=\"wpcf7-response-output\" aria-hidden=\"true\"><\/div><\/form><\/div>[\/vc_column][vc_column width=\u00bb1\/4&#8243;][\/vc_column][\/vc_row]<\/p>\n","protected":false},"excerpt":{"rendered":"<p>[vc_row][vc_column][vc_custom_heading text=\u00bbMesas dulces, decoraci\u00f3n y detalles para eventos\u00bb][vc_column_text] \u00bfOrganizas una fiesta? En MBEventos tenemos de todo para vestir tu mesa o evento. Cada vez est\u00e1 m\u00e1s de moda crear una mesa espec\u00edfica dulces, o Candy baar. Por eso tenemos una gran variedad de colores y estilos que seguro se adaptar\u00e1n a lo que est\u00e1s buscando, [&hellip;]<\/p>\n","protected":false},"author":1,"featured_media":0,"parent":0,"menu_order":0,"comment_status":"closed","ping_status":"closed","template":"","meta":[],"_links":{"self":[{"href":"https:\/\/mbeventos.es\/index.php?rest_route=\/wp\/v2\/pages\/551"}],"collection":[{"href":"https:\/\/mbeventos.es\/index.php?rest_route=\/wp\/v2\/pages"}],"about":[{"href":"https:\/\/mbeventos.es\/index.php?rest_route=\/wp\/v2\/types\/page"}],"author":[{"embeddable":true,"href":"https:\/\/mbeventos.es\/index.php?rest_route=\/wp\/v2\/users\/1"}],"replies":[{"embeddable":true,"href":"https:\/\/mbeventos.es\/index.php?rest_route=%2Fwp%2Fv2%2Fcomments&post=551"}],"version-history":[{"count":10,"href":"https:\/\/mbeventos.es\/index.php?rest_route=\/wp\/v2\/pages\/551\/revisions"}],"predecessor-version":[{"id":567,"href":"https:\/\/mbeventos.es\/index.php?rest_route=\/wp\/v2\/pages\/551\/revisions\/567"}],"wp:attachment":[{"href":"https:\/\/mbeventos.es\/index.php?rest_route=%2Fwp%2Fv2%2Fmedia&parent=551"}],"curies":[{"name":"wp","href":"https:\/\/api.w.org\/{rel}","templated":true}]}}